 to base 13
22c220
89900 (base 12) to base 5
21321421
What is 2790911 (base 10) in base 9?
5223362
What is -131614 (base 11) in base 3?
-101112000101
Convert -11030555 (base 9) to base 13.
-114a14b
Convert -1000120120 (base 3) to base 7.
-112416
-7288a (base 12) to base 13
-532a2
-26553 (base 7) to base 14
-2863
144213144 (base 6) to base 8
13352230
-1b411b (base 13) to base 14
-141113
-247921 (base 12) to base 11
-376333
Convert -314656 (base 7) to base 8.
-152401
What is 42ece4 (base 15) in base 9?
6000327
Convert -1735356 (base 8) to base 10.
-506606
What is 100011101111101010 (base 2) in base 5?
14141120
Convert 804247 (base 12) to base 8.
7476127
What is -122101112 (base 3) in base 10?
-12677
What is 182aa23 (base 13) in base 15?
a59329
10101101011111010 (base 2) to base 12
434a2
Convert 251261 (base 8) to base 5.
10233310
What is 103b52 (base 12) in base 5?
31140122
Convert 164557 (base 8) to base 11.
40997
-a600 (base 11) to base 16
-36d4
10120430 (base 5) to base 15
1972a
What is 11011001110111000 (base 2) in base 15?
230b4
2744267 (base 8) to base 7
6364354
What is -33556 (base 8) in base 9?
-21416
9cb8 (base 15) to base 9
50542
Convert 2112202220200 (base 3) to base 10.
1353690
What is -31d12f (base 16) in base 9?
-6125432
What is -b12b88 (base 16) in base 6?
-1052510412
-307305 (base 9) to base 15
-39118
218c9 (base 16) to base 12
67635
What is 344570 (base 8) in base 15?
24a77
What is -666aa (base 12) in base 15?
-2a36d
120122101221021 (base 3) to base 11
4769642
Convert -10021254 (base 6) to base 2.
-1000101000011100010
Convert 21878 (base 9) to base 7.
60323
-352273 (base 8) to base 4
-131102323
Convert 321030122 (base 5) to base 16.
14887e
15792 (base 11) to base 2
101011011100100
Convert -1028031 (base 10) to base 9.
-1836166
What is 112211001110 (base 3) in base 8?
1071467
Convert 33869 (base 10) to base 11.
234a0
1130131011 (base 4) to base 12
163199
Convert 123311130202 (base 4) to base 16.
6f5722
Convert -10416466 (base 7) to base 13.
-254788
Convert 20016a (base 11) to base 10.
322299
430246 (base 7) to base 15
1715d
397955 (base 10) to base 11
251a98
What is 110111113122 (base 4) in base 6?
310125430
Convert -100000101010011010010 (base 2) to base 14.
-1dc094
Convert -33326 (base 8) to base 4.
-3123112
What is 264325 (base 7) in base 10?
49558
What is 10001110100010111 (base 2) in base 16?
11d17
Convert -1034431 (base 6) to base 3.
-2121202001
Convert -343140223 (base 5) to base 7.
-16030604
71530610 (base 8) to base 3
1001110002222220
What is -20544 (base 11) in base 15?
-8d0a
-11001100000011101010 (base 2) to base 10
-835818
442399 (base 12) to base 11
67a149
Convert 32232 (base 9) to base 5.
1140312
Convert 11200212222210 (base 3) to base 16.
261c0c
What is 21013320121 (base 4) in base 6?
123132041
259363 (base 11) to base 7
3315453
Convert -114a15 (base 12) to base 5.
-32343222
Convert 179911 (base 10) to base 2.
101011111011000111
Convert -70a27a (base 14) to base 11.
-2160577
696c2 (base 13) to base 14
50127
What is -32130133 (base 4) in base 15?
-127e7
What is 145503 (base 10) in base 4?
203201133
What is -e36c5 (base 15) in base 7?
-6060215
Convert -34200241 (base 6) to base 14.
-1d1aa5
Convert -116719 (base 12) to base 4.
-1010212011
Convert 11341320 (base 5) to base 14.
2a7d9
What is 16040a (base 11) in base 5?
30440031
-62135 (base 10) to base 16
-f2b7
Convert -72184 (base 13) to base 6.
-4215114
1a01a7 (base 11) to base 16
4b1f3
Convert 111110000101110010010 (base 2) to base 8.
7605622
What is -1001001000100111100 (base 2) in base 9?
-505532
What is 62164 (base 11) in base 5?
10400244
Convert -100011010010010011100111 (base 2) to base 13.
-1bbb3b3
What is -5611114 (base 11) in base 10?
-9840219
Convert 2125030 (base 6) to base 2.
11001100101001010
73829 (base 13) to base 10
207905
Convert -337a754 (base 11) to base 16.
-5a3fab
What is -200020311 (base 4) in base 13?
-47bbc
Convert -3112522 (base 6) to base 9.
-247265
What is 2380325 (base 10) in base 4?
21011020211
1204314241 (base 5) to base 15
3a6c81
Convert 44013102 (base 5) to base 14.
9b071
-2840678 (base 9) to base 4
-11331113123
Convert -3204245 (base 6) to base 9.
-257582
138183 (base 10) to base 15
2ae23
-34427352 (base 8) to base 14
-dcb122
Convert -33120002322 (base 4) to base 9.
-7523010
What is 23a61 (base 14) in base 2?
10101010001000101
Convert 402790 (base 14) to base 10.
2158282
Convert -2002220221 (base 3) to base 15.
-c467
What is -2b86b0 (base 12) in base 5?
-142144310
Convert -20be7 (base 16) to base 7.
-1066006
Convert -25a908 (base 11) to base 5.
-101102324
Convert -699826 (base 16) to base 11.
-39a72a9
What is 22220021102 (base 3) in base 15?
36d75
What is 30200320011 (base 4) in base 16?
320e05
33234300 (base 6) to base 13
290337
5146436 (base 7) to base 13
187a69
What is -230023331 (base 4) in base 16?
-2c2fd
What is -31402040 (base 5) in base 8?
-1001162
Convert -db63b (base 14) to base 16.
-81985
-27249 (base 13) to base 2
-10001110011000100
What is 11b914 (base 15) in base 9?
1533751
What is 1759724 (base 11) in base 12?
bbb4bb
What is 3176365 (base 9) in base 2?
110100000000000100111
Convert -271806 (base 11) to base 8.
-1501616
-3a40a (base 16) to base 9
-403263
-233a6c (base 16) to base 11
-1337633
What is 76cd73 (base 15) in base 3?
101122201001100
2131607 (base 8) to base 3
1001222020021
Convert -11012232030 (base 4) to base 2.
-101000110101110001100
What is 33144411 (base 5) in base 11?
186a97
What is 3581675 (base 9) in base 16?
1da72b
Convert 160dc00 (base 14) to base 5.
10230411004
-37642 (base 10) to base 9
-56564
Convert -21430 (base 10) to base 11.
-15112
Convert -b234 (base 14) to base 5.
-1434442
What is -140316 (base 7) in base 10?
-26571
Convert -2066424 (base 8) to base 3.
-1001001111022
-25335 (base 16) to base 6
-3133233
What is -143a981 (base 11) in base 7?
-30013225
What is 2237338 (base 14) in base 8?
76040766
-4540426 (base 10) to base 13
-c2c857
18b497 (base 14) to base 13
248ac1
What is -3e928 (base 16) in base 6?
-5254320
1432141110 (base 5) to base 6
213100314
Convert -1ab4156 (base 15) to base 3.
-1100210111111100
What is 3520543 (base 7) in base 11?
282143
Convert a4653 (base 11) to base 5.
14340033
What is 15828606 (base 9) in base 3?
112220222200020
-19a2b63 (base 12) to base 11
-3084679
-6ab81d (base 14) to base 11
-2068a52
What is -44303023 (base 5) in base 9?
-645714
Convert -56129 (base 10) to base 6.
-1111505
Convert a17e (base 15) to base 3.
1201202202
534c64 (base 13) to base 6
105505514
What is -11233121020 (base 4) in base 14?
-2b25a8
What is 11202210202101 (base 3) in base 10?
2535283
Convert -114e08 (base 15) to base 14.
-177390
What is 9c88 (base 16) in base 5?
2240242
What is 13506150 (base 7) in base 5?
310401132
What is 3130143402 (base 5) in base 6?
351040301
-2455637 (base 9) to base 10
-1336048
Convert -1630882 (base 10) to base 9.
-3055131
Convert 51a28 (base 13) to base 7.
1150526
Convert -34613262 (base 8) to base 4.
-130301122302
What is 131313003 (base 4) in base 15?
2638c
11235466 (base 7) to base 6
33031224
-175633 (base 8) to base 5
-4030121
Convert 130901 (base 10) to base 11.
8a391
What is -7371747 (base 8) in base 6?
-110023515
10011100010101000101 (base 2) to base 11
3a80a4
What is -101010110110110011 (base 2) in base 4?
-222312303
-3101776 (base 8) to base 6
-25325154
-27d03 (base 14) to base 16
-1811f
Convert 2450314 (base 6) to base 4.
133333012
Convert -13002120321 (base 4) to base 12.
-74b709
Convert 1311850 (base 9) to base 16.
aef1b
What is 32022030 (base 4) in base 13?
20523
Convert 35125144 (base 6) to base 14.
203396
Convert 10122010231 (base 4) to base 15.
17c4ed
-10354525 (base 6) to base 15
-62155
21104431 (base 8) to base 9
8405215
Convert -100111010001011 (base 2) to base 16.
-4e8b
1363652 (base 7) to base 9
310152
-54220404 (base 7) to base 8
-21514757
What is 101011001111001110111000 (base 2) in base 5?
10400201314
-23421321 (base 5) to base 12
-a5766
What is 39814 (base 11) in base 10?
56885
What is -3216167 (base 10) in base 3?
-20001101202022
What is 2340402 (base 5) in base 10?
43227
Convert 11010010100110111001 (base 2) to base 16.
d29b9
83b72 (base 12) to base 14
46d4a
-2334471 (base 10) to base 12
-946b73
2303444 (base 6) to base 14
30b40
3532